3*p(n) - 6*w(n). What is j(-3)?
4
Let d(j) be the third derivative of j**6/120 - j**5/20 - j**4/8 + j**3/3 - 23*j**2. Determine d(4).
6
Suppose 2*r = -3*g - 2, -2*r + 0*r - 2*g = -2. Suppose -r*h + 0*h = 0. Let q(p) = p + 2. What is q(h)?
2
Let l(c) = -6*c**3 + 7*c**2 + 5*c + 2. Let w(j) = 3*j**3 - 4*j**2 - 3*j - 1. Let k(r) = -4*l(r) - 7*w(r). Determine k(1).
3
Let d(s) = -s**3 + 6*s**2 + 8*s. Suppose 3*x - 14 = x. Determine d(x).
7
Let z(v) = 3*v + 1 - 5*v + 2*v**3 - v**2 + 3*v**2. Suppose -5*c - r - 17 = 0, 5*r - 2 = 13. Let t be 1/(c/(-1))*4. Give z(t).
3
Suppose -3*p + 5*l = 2*l - 36, -5*p = -4*l - 56. Suppose -8*c = -4*c - p. Let t(w) = -c - 7 + 2 + 3 + 4*w. Calculate t(3).
8
Let f(c) = -c - 3. Let y be (-56)/21 + 1/(-3). Let j be 0*y/12*2. Calculate f(j).
-3
Let x(y) = -y**3 + 5*y**2. Let t be x(5). Suppose t = -2*n + 2*q + 4, 0*n - 2*n + 4 = 4*q. Let i(l) = 6*l - 2. Give i(n).
10
Let q(m) = 7*m**3 + 10*m**2 - m + 1. Let z(n) = 3*n**3 + 5*n**2. Let b(a) = 2*q(a) - 5*z(a). Give b(-4).
-6
Let y(b) be the first derivative of -5*b**2/2 - 2*b - 7. Determine y(-2).
8
Suppose 0 = -3*b - 3, -2*p = 2*p - 2*b - 2. Let z(k) = -k - 7. What is z(p)?
-7
Let h(x) = -x**2 - 4*x - 3. Let i(r) = 3*r**2 + 12*r + 10. Let l(s) = -7*h(s) - 2*i(s). Let u(f) = -f. Let q be u(3). Calculate l(q).
-2
Let b(h) = 4*h - 2. Suppose -5*v + 9*v = -4. Give b(v).
-6
Let z(c) = c - 3 + 4 - 2 - 6. Give z(5).
-2
Suppose -7*n - n + 16 = 0. Let i(v) = 2*v**2 + 2*v - 3. What is i(n)?
9
Let t(y) be the second derivative of y**3/2 - 2*y**2 - y. Suppose 6 = -g + 3. Determine t(g).
-13
Let c(m) = -6*m**2 - 2*m - 1. Suppose -5*p = -2*b - 2*b + 25, p + 26 = 5*b. Let n be c(p). Let h(y) = y**2 + 4*y + 4. Give h(n).
9
Let o(b) = 3*b - 1. Let h be o(-1). Let x(i) be the second derivative of i**5/20 + i**4/4 - i**3/3 + 5*i**2/2 - 3*i. Calculate x(h).
-3
Let f(w) = -6*w**2 - 5*w - 4. Let x(b) = -7*b**2 - 5*b - 5. Let i(k) = 3*f(k) - 2*x(k). Let d(s) = -s**2 - 1. Let l(u) = -5*d(u) + i(u). Give l(3).
-3
Let x(j) = -2 - 3*j**3 + 0*j**3 + 0*j**3 + 4*j**3 + 3*j - 6*j**2. Let p = 29 + -9. Suppose -p = t - 5*t. Determine x(t).
-12
Let m be ((-5)/2 - -2)*0. Let l(z) = -z + 2 + m*z - 2*z + 4*z. Determine l(2).
4
Let w(v) = 5*v**2 - 6*v - 6. Let x(b) = -11*b**2 + 13*b + 13. Let p(h) = 9*w(h) + 4*x(h). What is p(-3)?
13
Let s(b) = 5*b - 7. Let v(z) = 6*z - 8. Suppose 5*l + 2 - 22 = 0. Let y(q) = l*v(q) - 5*s(q). Let h be (9/6)/((-15)/(-20)). Determine y(h).
1
Let t be 4 + -4 - (-1 - 4). Let i(o) = -3*o - 5. Let b(m) = m**2 - m. Let n(w) = -b(w) - i(w). Determine n(t).
0
Let w(h) = -h - 3. Let a be w(-7). Let z(s) = -2*s**2 + 3*s**2 - 2 - 7*s + 8 + 2*s. What is z(a)?
2
Let u(w) = 2*w + 7. Let t(h) = -3*h - 8. Let o(b) = -b**3 + 5*b**2 - 6. Let a be o(5). Let s be 2/(-4)*(a + 0). Let c(j) = s*t(j) + 4*u(j). Calculate c(4).
0
Let z = -151 + 149. Let m(n) = n**3 + 3*n**2. Let w(v) = -3*v**3 - 10*v**2 - v - 1. Let g(l) = -7*m(l) - 2*w(l). Determine g(z).
2
Let v(r) = r**3 + 11*r**2 + 11*r + 9. Let y be v(-10). Let z(d) = -9*d + 1. Calculate z(y).
10
Let v(j) = -4*j**3 + 2*j**2 + j. Suppose d - 3*h + 9 = -0, 5*d - 23 = -2*h. Suppose -7 = d*r - 4. What is v(r)?
5
Let x be (9/2 + -4)*16. Let v(a) = a - 7. Determine v(x).
1
Suppose -12*z + 11*z = 6. Let j(m) = -m + 1. Let v(k) = 7*k. Let r(l) = -6*j(l) - v(l). Calculate r(z).
0
Let o(g) = -2*g + 4. Suppose 0 = -2*w + 9 + 3. Calculate o(w).
-8
Let s(z) = z**2 - z + 3. Let g be s(0). Let r(w) = 2*w + 1 - g - 1. Suppose 0 = -4*t + 14 - 6. Determine r(t).
1
Suppose 4*m + 0 = 4. Let a be -4 - -4 - -2*m. Let f(g) = -2*g**a + 2*g + g - 4*g. Determine f(-1).
-1
Let m be 3*((-2)/3 - -2). Let t(x) = -x**3 + 3*x**2 + 4*x. What is t(m)?
0
Let s(o) = -o**3 - 417*o**2 - 7*o + 215*o**2 + 209*o**2 - 4. Calculate s(6).
-10
Let y = 14 - 11. Let b be (-2)/(-6) - 33/(-9). Let k(t) = 2*t**2 + 1 + t + 0*t**3 - b - t**3. Determine k(y).
-9
Let c(w) = w. Let b(d) = d. Let k(a) = 4*b(a) - 2*c(a). Let p(u) = u**3 - u**2 - 3*u - 2. Let j be p(-2). Let h = -10 - j. Calculate k(h).
-4
Let t(h) = 5 + 2 - 11 + h + 11. Determine t(-7).
0
Let w(n) = -n**3 - 5*n**2 + 6*n + 1. Let c be w(-6). Suppose 0 = 4*q - 4*j + 12, 4*j + c = q + 4. Let o(s) = -4*s + 2*s + 180 - 2*s - 179 - s**2. Give o(q).
4
Let q(w) = -4*w + 4 + 3*w + 2*w. Calculate q(6).
10
Let x(u) = -u**3 + 6 + 46*u - 75*u - 8*u**2 + 40*u. Determine x(-9).
-12
Let y(c) = -4*c - 1. Let a(r) = 9*r + 2. Let q(j) = -6*a(j) - 11*y(j). Suppose 0 = 3*l - 3*u, -2*u = 2*l - 6*u + 2. Determine q(l).
-11
Let a(b) be the third derivative of -b**6/20 - b**3/6 - 2*b**2. Suppose -u - 2 = -5. Suppose -2*z = -u*y + 19 - 2, -y = -5. Give a(z).
5
Let g(c) = -4*c**2 + 8*c - 2. Let t(u) be the first derivative of -5*u**3/3 + 9*u**2/2 - 2*u - 2. Let r(f) = -6*g(f) + 5*t(f). What is r(-5)?
-8
Let i(q) = -q**3 + 8*q**2 - 5*q + 3. Suppose -4 = -m - 6*r + 3*r, -2*m + r + 15 = 0. Give i(m).
17
Let x(v) = v + 2. Let h(c) = -c**3 + 2*c**2 + 3*c + 2. Let y be h(3). Let a(w) = w**y + 3*w**2 + 4*w - 3*w**2. Let z be a(-4). What is x(z)?
2
Let x(q) be the third derivative of -q**5/60 - q**4/24 - q**3 - 4*q**2. Let s = 2 - 2. What is x(s)?
-6
Let i = 0 + 1. Let j(m) = -13*m**3 + 4*m**2 + 7*m**3 - m + 7*m**3 + i. What is j(-3)?
13
Let p(w) be the third derivative of w**5/30 + w**4/8 - 3*w**2. Suppose 3*a = -5*t - 0*t - 10, -4*t = -5*a + 45. Let q = 3 - a. Determine p(q).
2
Let n(m) = -m**3 + 5*m**2 + m - 6. Let t(d) = d**3 + 4*d**2 - 6*d - 3. Let g be t(-5). Suppose 0 = -g*v + 11 - 1. Calculate n(v).
-1
Let o(p) = 0*p**2 + 8*p - 3*p + 7 - p**2. Let i(h) = -h**3 - 17*h**2 + 17*h - 12. Let c be i(-18). Calculate o(c).
1
Let a(d) = -20*d - 10. Let u(n) = -4*n - 2. Let t(f) = 3*a(f) - 16*u(f). Let m(b) = -9*b - 3. Suppose 18 - 3 = 5*r. Let l(o) = r*m(o) + 5*t(o). Determine l(1).
-6
Let s be (-18)/(-15)*-1*15/6. Let t(y) = -y**2 - 3*y - 4. Give t(s).
-4
Let q(y) = y**2 - 1. Let c(m) = -3 + m - 7 + 0 - 2. Let a be c(12). Determine q(a).
-1
Suppose -3*i - 9 - 3 = 4*n, 3*n = -5*i - 20. Let z(w) = w - 10. Let u = -11 - -6. Let p(x) = x - 11. Let r(l) = u*z(l) + 4*p(l). Calculate r(n).
6
Let i(x) = x**3 + 2*x**2 + 3*x + 2. Let o(d) = -d - 1. Let g(l) = i(l) + 5*o(l). Give g(-2).
1
Let y(k) = -14*k - 7. Let o(r) = 40*r + 21. Let g(c) = 6*o(c) + 17*y(c). Let s be (-2)/(-5) - 32/5. Calculate g(s).
-5
Let d(p) = -2*p. Let u(f) = -f. Let s(l) = -2*d(l) + 5*u(l). Let k be (-5)/((-4)/4 + 0). What is s(k)?
-5
Suppose -14 - 1 = -5*k. Let v(r) = r**2 - 2*r + 2. Calculate v(k).
5
Let g be -1 + 1 + -2 + 7. Let j(w) be the third derivative of -w**6/120 + w**5/10 - 7*w**4/24 + w**3/3 - 2*w**2. What is j(g)?
-8
Let y(r) be the third derivative of -r**8/6720 - r**7/630 + r**6/144 - r**5/20 - r**4/12 + 4*r**2. Let t(f) be the second derivative of y(f). What is t(-5)?
-6
Suppose 0*b = -4*b - 2*u - 20, -5 = b - 3*u. Let l(r) = r**3 + 5*r**2 + 2*r + 6. Let y be l(b). Let v = y + 4. Let q(z) = z**3 + z + 4. Calculate q(v).
4
Let s(r) = 7*r**2 - r - 2. Let j be s(-1). Let u(m) = m**2 - 6*m + 9. Calculate u(j).
9
Let t(h) = h + 4 + 2 - 4 - 4*h**2 + 2*h**3. Give t(2).
4
Let d = -4 + 10. Suppose 2*n - 12 = d*n + 4*y, n - 4*y = -13. Let c(x) = 2*x - 6*x - 5 - 2. What is c(n)?
13
Let q(u) = -13*u**2 - 10*u - 3. Let s(k) = 9*k**2 + 7*k + 2. Let y(o) = -5*q(o) - 7*s(o). What is y(-2)?
7
Let v(y) = 4*y**2 - 4*y + 5. Let m(z) = 7*z**2 - 8*z + 10. Let w(f) = 3*m(f) - 5*v(f). Determine w(4).
5
Suppose 10 = 2*c, 0 = -2*b - 3*b + 2*c - 25. Let l(y) be the third derivative of -y**4/12 + y**3/2 - 28*y**2. Calculate l(b).
9
Let q(k) = -k**2 + 7*k - 5. Let n be q(6). Let z(c) be the first derivative of 15*c**2/2 + c - 6. Calculate z(n).
16
Suppose -3*n = -i - 2*n - 3, 0 = -n + 3. Let u(p) = -p**3 + p**2 + 8. Give u(i).
8
Let i(z) = -z**2 - z**2 - z + 6 + 6*z + z**2. Determine i(5).
6
Let p(k) = 7 - k - k**3 + 21 + 6*k + 6*k**2 - 18. Determine p(7).
-4
Suppose -2*p + 4 = -14. Suppose 0 = 3*u - p - 0. Suppose -2*d - g + 13 = 0, -u = -2*d + g - 0*g. Let f(y) = y**2 - 4*y - 1. Give f(d).
-1
Let x(c) be the third derivative of -1/120*c**6 + 1/8*c**4 + 1/2*c**3 + 0*c + 1/30*c**5 - 8*c**2 + 0. Let a = 8 + -5. Determine x(a).
3
Let g(k) = k**3 - k**2 - 1. Let z(o) = -8*o**3 - o**2 - 4. Let h(i) = 3*g(i) - z(i). Let l